{"id":910,"date":"2006-04-20T17:38:33","date_gmt":"2006-04-20T15:38:33","guid":{"rendered":"http:\/\/textundblog.de\/?page_id=910"},"modified":"2020-12-02T09:46:48","modified_gmt":"2020-12-02T08:46:48","slug":"impressum","status":"publish","type":"page","link":"https:\/\/textundblog.de\/?page_id=910","title":{"rendered":"Impressum \/ \u00dcber mich"},"content":{"rendered":"<figure id=\"attachment_7880\" aria-describedby=\"caption-attachment-7880\" style=\"width: 300px\" class=\"wp-caption alignright\"><a href=\"https:\/\/i0.wp.com\/textundblog.de\/wp-content\/201705_MP_hp5_iso800.jpg?ssl=1\"><img data-recalc-dims=\"1\" loading=\"lazy\" decoding=\"async\" data-attachment-id=\"7880\" data-permalink=\"https:\/\/textundblog.de\/?attachment_id=7880\" data-orig-file=\"https:\/\/i0.wp.com\/textundblog.de\/wp-content\/201705_MP_hp5_iso800.jpg?fit=800%2C533&amp;ssl=1\" data-orig-size=\"800,533\" data-comments-opened=\"1\" data-image-meta=\"{&quot;aperture&quot;:&quot;0&quot;,&quot;credit&quot;:&quot;&quot;,&quot;camera&quot;:&quot;&quot;,&quot;caption&quot;:&quot;&quot;,&quot;created_timestamp&quot;:&quot;0&quot;,&quot;copyright&quot;:&quot;&quot;,&quot;focal_length&quot;:&quot;0&quot;,&quot;iso&quot;:&quot;0&quot;,&quot;shutter_speed&quot;:&quot;0&quot;,&quot;title&quot;:&quot;&quot;,&quot;orientation&quot;:&quot;0&quot;}\" data-image-title=\"Portr\u00e4t vom mir auf dem Markt am Spritzenplatz in Ottensen\" data-image-description=\"&lt;p&gt;Portr\u00e4t vom mir auf dem Markt am Spritzenplatz in Ottensen&lt;\/p&gt;\n\" data-image-caption=\"&lt;p&gt;Fotograf: Stefan Groenveld&lt;\/p&gt;\n\" data-large-file=\"https:\/\/i0.wp.com\/textundblog.de\/wp-content\/201705_MP_hp5_iso800.jpg?fit=800%2C533&amp;ssl=1\" title=\"Portr\u00e4t vom mir auf dem Markt am Spritzenplatz in Ottensen\"  src=\"https:\/\/i0.wp.com\/textundblog.de\/wp-content\/201705_MP_hp5_iso800.jpg?resize=300%2C200&#038;ssl=1\" alt=\"Portr\u00e4t vom mir auf dem Markt am Spritzenplatz in Ottensen\" width=\"300\" height=\"200\" class=\"size-medium wp-image-7880\" srcset=\"https:\/\/i0.wp.com\/textundblog.de\/wp-content\/201705_MP_hp5_iso800.jpg?resize=300%2C200&amp;ssl=1 300w, https:\/\/i0.wp.com\/textundblog.de\/wp-content\/201705_MP_hp5_iso800.jpg?resize=768%2C512&amp;ssl=1 768w, https:\/\/i0.wp.com\/textundblog.de\/wp-content\/201705_MP_hp5_iso800.jpg?w=800&amp;ssl=1 800w\" sizes=\"auto, (max-width: 300px) 100vw, 300px\" \/><\/a><figcaption id=\"caption-attachment-7880\" class=\"wp-caption-text\">Foto: <a href=\"https:\/\/textundblog.de\/?p=7879\">Stefan Groenveld<\/a><\/figcaption><\/figure>\n<p>Text &amp; Blog ist das Blog von Markus Trapp.<br \/>\nOnline seit dem 1. November 2004.<\/p>\n<p>Ich arbeite in der <a href=\"http:\/\/www.sub.uni-hamburg.de\/bibliotheken\/portrait\/organisation\/organigramm.html#c3846\">Staats- und Universit\u00e4tsbibliothek Hamburg<\/a>, wo ich u.a. f\u00fcr den Bereich \u00abSocial Media\u00bb zust\u00e4ndig bin. Als wissenschaftlicher Mitarbeiter betreue ich in der Bibliothek mehrere Blogs und Wikis. Zus\u00e4tzlich betreue ich die Fachreferate Spanisch\/Portugiesisch &#038; Sport.<\/p>\n<p>2014 habe ich nach Absolvierung des berufsbegleitenden, postgradualen <a href=\"http:\/\/www.ibi.hu-berlin.de\/studium\/fernstudium\">Fernstudiums<\/a> der Bibliotheks- und Informationswissenschaft an der <a href=\"http:\/\/www.ibi.hu-berlin.de\/\">HU Berlin<\/a> den Titel \u00abMaster of Arts \u2013 Library and Information Science\u00bb erlangt.<\/p>\n<p style=\"clear:left\">Markus Trapp<br \/>\nRuhrstr. 150 <br \/>\n22761 Hamburg<\/p>\n<p><strong>E-Mail<\/strong>:&nbsp; <strong>mt<\/strong> -at- <strong>textundblog.de<\/strong><\/p>\n<p>Oder Nachricht per <strong><a href=\"https:\/\/textundblog.de\/?page_id=676\">Kontaktformular<\/a><\/strong>.<\/p>\n<p>\nInternet: <a href=\"https:\/\/textundblog.de\">textundblog.de<\/a> <\/p>\n<div itemscope itemtype=\"https:\/\/schema.org\/Person\"><a itemprop=\"sameAs\" content=\"https:\/\/orcid.org\/0000-0001-9092-6023\" href=\"https:\/\/orcid.org\/0000-0001-9092-6023\" target=\"orcid.widget\" rel=\"me noopener noreferrer\" style=\"vertical-align:top;\"><img data-recalc-dims=\"1\" decoding=\"async\" src=\"https:\/\/i0.wp.com\/orcid.org\/sites\/default\/files\/images\/orcid_16x16.png?ssl=1\" style=\"width:1em;margin-right:.5em;\" alt=\"ORCID iD icon\"\/>https:\/\/orcid.org\/0000-0001-9092-6023<\/a><\/div>\n<p>GND (Katalog der Deutschen Nationalbibliothek): <a href=\"http:\/\/d-nb.info\/gnd\/1074368940\">http:\/\/d-nb.info\/gnd\/1074368940<\/a><br \/>\nWeitere Ver\u00f6ffentlichungen in folgenden Blogs:<br \/>\n<a href=\"http:\/\/blog.sub.uni-hamburg.de\/\">Stabi-Blog<\/a> | <a href=\"https:\/\/blog.fid-romanistik.de\/\">Romanistik-Blog<\/a><\/p>\n<p><!--Creative Commons License--><a rel=\"license\" href=\"http:\/\/creativecommons.org\/licenses\/by-sa\/4.0\/\"><img decoding=\"async\" alt=\"Creative Commons Lizenzvertrag\" style=\"border-width:0\" src=\"\/wp-content\/88x31-1.png\" \/><\/a><br \/>Dieses Werk ist lizenziert unter einer <a rel=\"license\" href=\"http:\/\/creativecommons.org\/licenses\/by-sa\/4.0\/\">Creative Commons<\/a> Namensnennung &#8211; Weitergabe unter gleichen Bedingungen 4.0 Internationale Lizenz. <!--\/Creative Commons License--><\/p>\n<p> Bei diesem Weblog handelt es sich um ein privates publizistisches Angebot.<br \/>\nInhaltlich Verantwortlicher gem\u00e4\u00df \u00a7 5 TMG: Markus Trapp<br \/>\n(Anschrift wie oben) <\/p>\n<p>S\u00e4mtliche Beitr\u00e4ge geben ausschlie\u00dflich die Auffassung des jeweiligen Verfassers wieder. Dies gilt insbesondere f\u00fcr die mittels der Kommentar-Funktion erstellten Diskussions-Beitr\u00e4ge. Der Betreiber beh\u00e4lt sich die L\u00f6schung einzelner Beitr\u00e4ge und die Sperrung der Kommentar-Funktion vor.<\/p>\n<p>&nbsp;<\/p>\n","protected":false},"excerpt":{"rendered":"<p>Text &amp; Blog ist das Blog von Markus Trapp. Online seit dem 1. November 2004. Ich arbeite in der Staats- und Universit\u00e4tsbibliothek Hamburg, wo ich u.a. f\u00fcr den Bereich \u00abSocial Media\u00bb zust\u00e4ndig bin. Als wissenschaftlicher Mitarbeiter betreue ich in der Bibliothek mehrere Blogs und Wikis. Zus\u00e4tzlich betreue ich die Fachreferate Spanisch\/Portugiesisch &#038; Sport. 2014 habe [&hellip;]<\/p>\n","protected":false},"author":1,"featured_media":0,"parent":0,"menu_order":0,"comment_status":"closed","ping_status":"closed","template":"","meta":{"site-sidebar-layout":"default","site-content-layout":"","ast-site-content-layout":"default","site-content-style":"default","site-sidebar-style":"default","ast-global-header-display":"","ast-banner-title-visibility":"","ast-main-header-display":"","ast-hfb-above-header-display":"","ast-hfb-below-header-display":"","ast-hfb-mobile-header-display":"","site-post-title":"","ast-breadcrumbs-content":"","ast-featured-img":"","footer-sml-layout":"","theme-transparent-header-meta":"","adv-header-id-meta":"","stick-header-meta":"","header-above-stick-meta":"","header-main-stick-meta":"","header-below-stick-meta":"","astra-migrate-meta-layouts":"default","ast-page-background-enabled":"default","ast-page-background-meta":{"desktop":{"background-color":"var(--ast-global-color-4)","background-image":"","background-repeat":"repeat","background-position":"center center","background-size":"auto","background-attachment":"scroll","background-type":"","background-media":"","overlay-type":"","overlay-color":"","overlay-opacity":"","overlay-gradient":""},"tablet":{"background-color":"","background-image":"","background-repeat":"repeat","background-position":"center center","background-size":"auto","background-attachment":"scroll","background-type":"","background-media":"","overlay-type":"","overlay-color":"","overlay-opacity":"","overlay-gradient":""},"mobile":{"background-color":"","background-image":"","background-repeat":"repeat","background-position":"center center","background-size":"auto","background-attachment":"scroll","background-type":"","background-media":"","overlay-type":"","overlay-color":"","overlay-opacity":"","overlay-gradient":""}},"ast-content-background-meta":{"desktop":{"background-color":"var(--ast-global-color-5)","background-image":"","background-repeat":"repeat","background-position":"center center","background-size":"auto","background-attachment":"scroll","background-type":"","background-media":"","overlay-type":"","overlay-color":"","overlay-opacity":"","overlay-gradient":""},"tablet":{"background-color":"var(--ast-global-color-5)","background-image":"","background-repeat":"repeat","background-position":"center center","background-size":"auto","background-attachment":"scroll","background-type":"","background-media":"","overlay-type":"","overlay-color":"","overlay-opacity":"","overlay-gradient":""},"mobile":{"background-color":"var(--ast-global-color-5)","background-image":"","background-repeat":"repeat","background-position":"center center","background-size":"auto","background-attachment":"scroll","background-type":"","background-media":"","overlay-type":"","overlay-color":"","overlay-opacity":"","overlay-gradient":""}},"ngg_post_thumbnail":0,"jetpack_post_was_ever_published":false,"footnotes":""},"class_list":["post-910","page","type-page","status-publish","hentry"],"jetpack_sharing_enabled":true,"jetpack_shortlink":"https:\/\/wp.me\/P4uzZ-eG","jetpack-related-posts":[{"id":8612,"url":"https:\/\/textundblog.de\/?page_id=8612","url_meta":{"origin":910,"position":0},"title":"Datenschutzerkl\u00e4rung","author":"Markus","date":"2\/5\/2018","format":false,"excerpt":"Diese Datenschutzerkl\u00e4rung kl\u00e4rt Sie \u00fcber die Art, den Umfang und Zweck der Verarbeitung von personenbezogenen Daten (nachfolgend kurz \u201eDaten\u201c) innerhalb unseres Onlineangebotes und der mit ihm verbundenen Webseiten, Funktionen und Inhalte sowie externen Onlinepr\u00e4senzen, wie z.B. unser Social Media Profile auf. (nachfolgend gemeinsam bezeichnet als \u201eOnlineangebot\u201c). Im Hinblick auf die\u2026","rel":"","context":"\u00c4hnlicher Beitrag","block_context":{"text":"\u00c4hnlicher Beitrag","link":""},"img":{"alt_text":"","src":"","width":0,"height":0},"classes":[]}],"_links":{"self":[{"href":"https:\/\/textundblog.de\/index.php?rest_route=\/wp\/v2\/pages\/910","targetHints":{"allow":["GET"]}}],"collection":[{"href":"https:\/\/textundblog.de\/index.php?rest_route=\/wp\/v2\/pages"}],"about":[{"href":"https:\/\/textundblog.de\/index.php?rest_route=\/wp\/v2\/types\/page"}],"author":[{"embeddable":true,"href":"https:\/\/textundblog.de\/index.php?rest_route=\/wp\/v2\/users\/1"}],"replies":[{"embeddable":true,"href":"https:\/\/textundblog.de\/index.php?rest_route=%2Fwp%2Fv2%2Fcomments&post=910"}],"version-history":[{"count":0,"href":"https:\/\/textundblog.de\/index.php?rest_route=\/wp\/v2\/pages\/910\/revisions"}],"wp:attachment":[{"href":"https:\/\/textundblog.de\/index.php?rest_route=%2Fwp%2Fv2%2Fmedia&parent=910"}],"curies":[{"name":"wp","href":"https:\/\/api.w.org\/{rel}","templated":true}]}}

Impressum / Über mich

<figure id="attachment_7880" aria-describedby="caption-attachment-7880" style="width: 300px" class="wp-caption alignright"><a href="https://i0.wp.com/textundblog.de/wp-content/201705_MP_hp5_iso800.jpg?ssl=1"><img data-recalc-dims="1" loading="lazy" decoding="async" data-attachment-id="7880" data-permalink="https://textundblog.de/?attachment_id=7880" data-orig-file="https://i0.wp.com/textundblog.de/wp-content/201705_MP_hp5_iso800.jpg?fit=800%2C533&amp;ssl=1" data-orig-size="800,533" data-comments-opened="1" data-image-meta="{&quot;aperture&quot;:&quot;0&quot;,&quot;credit&quot;:&quot;&quot;,&quot;camera&quot;:&quot;&quot;,&quot;caption&quot;:&quot;&quot;,&quot;created_timestamp&quot;:&quot;0&quot;,&quot;copyright&quot;:&quot;&quot;,&quot;focal_length&quot;:&quot;0&quot;,&quot;iso&quot;:&quot;0&quot;,&quot;shutter_speed&quot;:&quot;0&quot;,&quot;title&quot;:&quot;&quot;,&quot;orientation&quot;:&quot;0&quot;}" data-image-title="Porträt vom mir auf dem Markt am Spritzenplatz in Ottensen" data-image-description="&lt;p&gt;Porträt vom mir auf dem Markt am Spritzenplatz in Ottensen&lt;/p&gt;
" data-image-caption="&lt;p&gt;Fotograf: Stefan Groenveld&lt;/p&gt;
" data-large-file="https://i0.wp.com/textundblog.de/wp-content/201705_MP_hp5_iso800.jpg?fit=800%2C533&amp;ssl=1" title="Porträt vom mir auf dem Markt am Spritzenplatz in Ottensen"  src="https://i0.wp.com/textundblog.de/wp-content/201705_MP_hp5_iso800.jpg?resize=300%2C200&#038;ssl=1" alt="Porträt vom mir auf dem Markt am Spritzenplatz in Ottensen" width="300" height="200" class="size-medium wp-image-7880" srcset="https://i0.wp.com/textundblog.de/wp-content/201705_MP_hp5_iso800.jpg?resize=300%2C200&amp;ssl=1 300w, https://i0.wp.com/textundblog.de/wp-content/201705_MP_hp5_iso800.jpg?resize=768%2C512&amp;ssl=1 768w, https://i0.wp.com/textundblog.de/wp-content/201705_MP_hp5_iso800.jpg?w=800&amp;ssl=1 800w" sizes="auto, (max-width: 300px) 100vw, 300px" /></a><figcaption id="caption-attachment-7880" class="wp-caption-text">Foto: <a href="https://textundblog.de/?p=7879">Stefan Groenveld</a></figcaption></figure>
<p>Text &amp; Blog ist das Blog von Markus Trapp.<br />
Online seit dem 1. November 2004.</p>
<p>Ich arbeite in der <a href="http://www.sub.uni-hamburg.de/bibliotheken/portrait/organisation/organigramm.html#c3846">Staats- und Universitätsbibliothek Hamburg</a>, wo ich u.a. für den Bereich «Social Media» zuständig bin. Als wissenschaftlicher Mitarbeiter betreue ich in der Bibliothek mehrere Blogs und Wikis. Zusätzlich betreue ich die Fachreferate Spanisch/Portugiesisch &#038; Sport.</p>
<p>2014 habe ich nach Absolvierung des berufsbegleitenden, postgradualen <a href="http://www.ibi.hu-berlin.de/studium/fernstudium">Fernstudiums</a> der Bibliotheks- und Informationswissenschaft an der <a href="http://www.ibi.hu-berlin.de/">HU Berlin</a> den Titel «Master of Arts – Library and Information Science» erlangt.</p>
<p style="clear:left">Markus Trapp<br />
Ruhrstr. 150 <br />
22761 Hamburg</p>
<p><strong>E-Mail</strong>:&nbsp; <strong>mt</strong> -at- <strong>textundblog.de</strong></p>
<p>Oder Nachricht per <strong><a href="https://textundblog.de/?page_id=676">Kontaktformular</a></strong>.</p>
<p>
Internet: <a href="https://textundblog.de">textundblog.de</a> </p>
<div itemscope itemtype="https://schema.org/Person"><a itemprop="sameAs" content="https://orcid.org/0000-0001-9092-6023" href="https://orcid.org/0000-0001-9092-6023" target="orcid.widget" rel="me noopener noreferrer" style="vertical-align:top;"><img data-recalc-dims="1" decoding="async" src="https://i0.wp.com/orcid.org/sites/default/files/images/orcid_16x16.png?ssl=1" style="width:1em;margin-right:.5em;" alt="ORCID iD icon"/>https://orcid.org/0000-0001-9092-6023</a></div>
<p>GND (Katalog der Deutschen Nationalbibliothek): <a href="http://d-nb.info/gnd/1074368940">http://d-nb.info/gnd/1074368940</a><br />
Weitere Veröffentlichungen in folgenden Blogs:<br />
<a href="http://blog.sub.uni-hamburg.de/">Stabi-Blog</a> | <a href="https://blog.fid-romanistik.de/">Romanistik-Blog</a></p>
<p><!--Creative Commons License--><a rel="license" href="http://creativecommons.org/licenses/by-sa/4.0/"><img decoding="async" alt="Creative Commons Lizenzvertrag" style="border-width:0" src="/wp-content/88x31-1.png" /></a><br />Dieses Werk ist lizenziert unter einer <a rel="license" href="http://creativecommons.org/licenses/by-sa/4.0/">Creative Commons</a> Namensnennung &#8211; Weitergabe unter gleichen Bedingungen 4.0 Internationale Lizenz. <!--/Creative Commons License--></p>
<p> Bei diesem Weblog handelt es sich um ein privates publizistisches Angebot.<br />
Inhaltlich Verantwortlicher gemäß § 5 TMG: Markus Trapp<br />
(Anschrift wie oben) </p>
<p>Sämtliche Beiträge geben ausschließlich die Auffassung des jeweiligen Verfassers wieder. Dies gilt insbesondere für die mittels der Kommentar-Funktion erstellten Diskussions-Beiträge. Der Betreiber behält sich die Löschung einzelner Beiträge und die Sperrung der Kommentar-Funktion vor.</p>
<p>&nbsp;</p>

<p>Text &amp; Blog ist das Blog von Markus Trapp. Online seit dem 1. November 2004. Ich arbeite in der Staats- und Universitätsbibliothek Hamburg, wo ich u.a. für den Bereich «Social Media» zuständig bin. Als wissenschaftlicher Mitarbeiter betreue ich in der Bibliothek mehrere Blogs und Wikis. Zusätzlich betreue ich die Fachreferate Spanisch/Portugiesisch &#038; Sport. 2014 habe [&hellip;]</p>

Datenschutzerklärung

Diese Datenschutzerklärung klärt Sie über die Art, den Umfang und Zweck der Verarbeitung von personenbezogenen Daten (nachfolgend kurz „Daten“) innerhalb unseres Onlineangebotes und der mit ihm verbundenen Webseiten, Funktionen und Inhalte sowie externen Onlinepräsenzen, wie z.B. unser Social Media Profile auf. (nachfolgend gemeinsam bezeichnet als „Onlineangebot“). Im Hinblick auf die…

Ähnlicher Beitrag
